{"id":1875,"date":"2021-04-09T10:16:08","date_gmt":"2021-04-09T09:16:08","guid":{"rendered":"https:\/\/procenter.habitissimo.pt\/?post_type=documento&#038;p=1875"},"modified":"2021-06-08T15:50:50","modified_gmt":"2021-06-08T14:50:50","slug":"jornal-economico-e-habitissimo-recuperacao-do-setor-da-construcao","status":"publish","type":"documento","link":"https:\/\/www.habitissimo.pt\/procenter\/documento\/jornal-economico-e-habitissimo-recuperacao-do-setor-da-construcao\/","title":{"rendered":"Recupera\u00e7\u00e3o do setor da constru\u00e7\u00e3o face \u00e0 crise"},"content":{"rendered":"\n<p>Depoimento de Ariel Quintana, Country Manager habitissimo Portugal, no suplemento especial do Jornal Econ\u00f3mico sobre Imobili\u00e1rio e Tecnologia. A participa\u00e7\u00e3o aborda a recupera\u00e7\u00e3o do setor face \u00e0 crise trazida pela pandemia, por via do contributo tecnol\u00f3gico, assim como o futuro previsto para as plataformas digitais de servi\u00e7os, num f\u00f3rum que inclui a participa\u00e7\u00e3o de v\u00e1rios players nacionais do Imobili\u00e1rio e da Constru\u00e7\u00e3o.<\/p>\n\n\n\n<p><\/p>\n","protected":false},"featured_media":1877,"template":"","tags":[],"documento_cat":[44,43,50,48,52],"class_list":["post-1875","documento","type-documento","status-publish","has-post-thumbnail","hentry","documento_cat-construcao","documento_cat-empresas-e-profissionais-independentes","documento_cat-habitissimo","documento_cat-imprensa","documento_cat-setor"],"acf":[],"yoast_head":"<!-- This site is optimized with the Yoast SEO plugin v26.5 - https:\/\/yoast.com\/wordpress\/plugins\/seo\/ -->\n<title>Recupera\u00e7\u00e3o do setor da constru\u00e7\u00e3o face \u00e0 crise Habitissimo POR<\/title>\n<meta name=\"description\" content=\"A recupera\u00e7\u00e3o do setor face \u00e0 crise trazida pela pandemia, assim como o futuro previsto para as plataformas digitais de servi\u00e7os.\" \/>\n<meta name=\"robots\" content=\"index, follow, max-snippet:-1, max-image-preview:large, max-video-preview:-1\" \/>\n<link rel=\"canonical\" href=\"https:\/\/www.habitissimo.pt\/procenter\/documento\/jornal-economico-e-habitissimo-recuperacao-do-setor-da-construcao\/\" \/>\n<meta property=\"og:locale\" content=\"pt_PT\" \/>\n<meta property=\"og:type\" content=\"article\" \/>\n<meta property=\"og:title\" content=\"Recupera\u00e7\u00e3o do setor da constru\u00e7\u00e3o face \u00e0 crise Habitissimo POR\" \/>\n<meta property=\"og:description\" content=\"A recupera\u00e7\u00e3o do setor face \u00e0 crise trazida pela pandemia, assim como o futuro previsto para as plataformas digitais de servi\u00e7os.\" \/>\n<meta property=\"og:url\" content=\"https:\/\/www.habitissimo.pt\/procenter\/documento\/jornal-economico-e-habitissimo-recuperacao-do-setor-da-construcao\/\" \/>\n<meta property=\"og:site_name\" content=\"Habitissimo POR\" \/>\n<meta property=\"article:modified_time\" content=\"2021-06-08T14:50:50+00:00\" \/>\n<meta property=\"og:image\" content=\"https:\/\/www.habitissimo.pt\/procenter\/wp-content\/uploads\/sites\/5\/2021\/04\/Diseno-sin-titulo-11.png\" \/>\n\t<meta property=\"og:image:width\" content=\"900\" \/>\n\t<meta property=\"og:image:height\" content=\"300\" \/>\n\t<meta property=\"og:image:type\" content=\"image\/png\" \/>\n<meta name=\"twitter:card\" content=\"summary_large_image\" \/>\n<meta name=\"twitter:label1\" content=\"Tempo estimado de leitura\" \/>\n\t<meta name=\"twitter:data1\" content=\"1 minuto\" \/>\n<script type=\"application\/ld+json\" class=\"yoast-schema-graph\">{\"@context\":\"https:\/\/schema.org\",\"@graph\":[{\"@type\":\"WebPage\",\"@id\":\"https:\/\/www.habitissimo.pt\/procenter\/documento\/jornal-economico-e-habitissimo-recuperacao-do-setor-da-construcao\/\",\"url\":\"https:\/\/www.habitissimo.pt\/procenter\/documento\/jornal-economico-e-habitissimo-recuperacao-do-setor-da-construcao\/\",\"name\":\"Recupera\u00e7\u00e3o do setor da constru\u00e7\u00e3o face \u00e0 crise Habitissimo POR\",\"isPartOf\":{\"@id\":\"https:\/\/www.habitissimo.pt\/procenter\/#website\"},\"primaryImageOfPage\":{\"@id\":\"https:\/\/www.habitissimo.pt\/procenter\/documento\/jornal-economico-e-habitissimo-recuperacao-do-setor-da-construcao\/#primaryimage\"},\"image\":{\"@id\":\"https:\/\/www.habitissimo.pt\/procenter\/documento\/jornal-economico-e-habitissimo-recuperacao-do-setor-da-construcao\/#primaryimage\"},\"thumbnailUrl\":\"https:\/\/www.habitissimo.pt\/procenter\/wp-content\/uploads\/sites\/5\/2021\/04\/Diseno-sin-titulo-11.png?wsr\",\"datePublished\":\"2021-04-09T09:16:08+00:00\",\"dateModified\":\"2021-06-08T14:50:50+00:00\",\"description\":\"A recupera\u00e7\u00e3o do setor face \u00e0 crise trazida pela pandemia, assim como o futuro previsto para as plataformas digitais de servi\u00e7os.\",\"breadcrumb\":{\"@id\":\"https:\/\/www.habitissimo.pt\/procenter\/documento\/jornal-economico-e-habitissimo-recuperacao-do-setor-da-construcao\/#breadcrumb\"},\"inLanguage\":\"pt-PT\",\"potentialAction\":[{\"@type\":\"ReadAction\",\"target\":[\"https:\/\/www.habitissimo.pt\/procenter\/documento\/jornal-economico-e-habitissimo-recuperacao-do-setor-da-construcao\/\"]}]},{\"@type\":\"ImageObject\",\"inLanguage\":\"pt-PT\",\"@id\":\"https:\/\/www.habitissimo.pt\/procenter\/documento\/jornal-economico-e-habitissimo-recuperacao-do-setor-da-construcao\/#primaryimage\",\"url\":\"https:\/\/www.habitissimo.pt\/procenter\/wp-content\/uploads\/sites\/5\/2021\/04\/Diseno-sin-titulo-11.png?wsr\",\"contentUrl\":\"https:\/\/www.habitissimo.pt\/procenter\/wp-content\/uploads\/sites\/5\/2021\/04\/Diseno-sin-titulo-11.png?wsr\",\"width\":900,\"height\":300},{\"@type\":\"BreadcrumbList\",\"@id\":\"https:\/\/www.habitissimo.pt\/procenter\/documento\/jornal-economico-e-habitissimo-recuperacao-do-setor-da-construcao\/#breadcrumb\",\"itemListElement\":[{\"@type\":\"ListItem\",\"position\":1,\"name\":\"Home\",\"item\":\"https:\/\/www.habitissimo.pt\/procenter\/\"},{\"@type\":\"ListItem\",\"position\":2,\"name\":\"Documentos\",\"item\":\"https:\/\/www.habitissimo.pt\/procenter\/documento\/\"},{\"@type\":\"ListItem\",\"position\":3,\"name\":\"Imprensa\",\"item\":\"https:\/\/www.habitissimo.pt\/procenter\/documento_cat\/imprensa\/\"},{\"@type\":\"ListItem\",\"position\":4,\"name\":\"Recupera\u00e7\u00e3o do setor da constru\u00e7\u00e3o face \u00e0 crise\"}]},{\"@type\":\"WebSite\",\"@id\":\"https:\/\/www.habitissimo.pt\/procenter\/#website\",\"url\":\"https:\/\/www.habitissimo.pt\/procenter\/\",\"name\":\"Habitissimo POR\",\"description\":\"Reformas e Servi\u00e7os Dom\u00e9sticos\",\"potentialAction\":[{\"@type\":\"SearchAction\",\"target\":{\"@type\":\"EntryPoint\",\"urlTemplate\":\"https:\/\/www.habitissimo.pt\/procenter\/?s={search_term_string}\"},\"query-input\":{\"@type\":\"PropertyValueSpecification\",\"valueRequired\":true,\"valueName\":\"search_term_string\"}}],\"inLanguage\":\"pt-PT\"}]}<\/script>\n<!-- \/ Yoast SEO plugin. -->","yoast_head_json":{"title":"Recupera\u00e7\u00e3o do setor da constru\u00e7\u00e3o face \u00e0 crise Habitissimo POR","description":"A recupera\u00e7\u00e3o do setor face \u00e0 crise trazida pela pandemia, assim como o futuro previsto para as plataformas digitais de servi\u00e7os.","robots":{"index":"index","follow":"follow","max-snippet":"max-snippet:-1","max-image-preview":"max-image-preview:large","max-video-preview":"max-video-preview:-1"},"canonical":"https:\/\/www.habitissimo.pt\/procenter\/documento\/jornal-economico-e-habitissimo-recuperacao-do-setor-da-construcao\/","og_locale":"pt_PT","og_type":"article","og_title":"Recupera\u00e7\u00e3o do setor da constru\u00e7\u00e3o face \u00e0 crise Habitissimo POR","og_description":"A recupera\u00e7\u00e3o do setor face \u00e0 crise trazida pela pandemia, assim como o futuro previsto para as plataformas digitais de servi\u00e7os.","og_url":"https:\/\/www.habitissimo.pt\/procenter\/documento\/jornal-economico-e-habitissimo-recuperacao-do-setor-da-construcao\/","og_site_name":"Habitissimo POR","article_modified_time":"2021-06-08T14:50:50+00:00","og_image":[{"width":900,"height":300,"url":"https:\/\/www.habitissimo.pt\/procenter\/wp-content\/uploads\/sites\/5\/2021\/04\/Diseno-sin-titulo-11.png","type":"image\/png"}],"twitter_card":"summary_large_image","twitter_misc":{"Tempo estimado de leitura":"1 minuto"},"schema":{"@context":"https:\/\/schema.org","@graph":[{"@type":"WebPage","@id":"https:\/\/www.habitissimo.pt\/procenter\/documento\/jornal-economico-e-habitissimo-recuperacao-do-setor-da-construcao\/","url":"https:\/\/www.habitissimo.pt\/procenter\/documento\/jornal-economico-e-habitissimo-recuperacao-do-setor-da-construcao\/","name":"Recupera\u00e7\u00e3o do setor da constru\u00e7\u00e3o face \u00e0 crise Habitissimo POR","isPartOf":{"@id":"https:\/\/www.habitissimo.pt\/procenter\/#website"},"primaryImageOfPage":{"@id":"https:\/\/www.habitissimo.pt\/procenter\/documento\/jornal-economico-e-habitissimo-recuperacao-do-setor-da-construcao\/#primaryimage"},"image":{"@id":"https:\/\/www.habitissimo.pt\/procenter\/documento\/jornal-economico-e-habitissimo-recuperacao-do-setor-da-construcao\/#primaryimage"},"thumbnailUrl":"https:\/\/www.habitissimo.pt\/procenter\/wp-content\/uploads\/sites\/5\/2021\/04\/Diseno-sin-titulo-11.png?wsr","datePublished":"2021-04-09T09:16:08+00:00","dateModified":"2021-06-08T14:50:50+00:00","description":"A recupera\u00e7\u00e3o do setor face \u00e0 crise trazida pela pandemia, assim como o futuro previsto para as plataformas digitais de servi\u00e7os.","breadcrumb":{"@id":"https:\/\/www.habitissimo.pt\/procenter\/documento\/jornal-economico-e-habitissimo-recuperacao-do-setor-da-construcao\/#breadcrumb"},"inLanguage":"pt-PT","potentialAction":[{"@type":"ReadAction","target":["https:\/\/www.habitissimo.pt\/procenter\/documento\/jornal-economico-e-habitissimo-recuperacao-do-setor-da-construcao\/"]}]},{"@type":"ImageObject","inLanguage":"pt-PT","@id":"https:\/\/www.habitissimo.pt\/procenter\/documento\/jornal-economico-e-habitissimo-recuperacao-do-setor-da-construcao\/#primaryimage","url":"https:\/\/www.habitissimo.pt\/procenter\/wp-content\/uploads\/sites\/5\/2021\/04\/Diseno-sin-titulo-11.png?wsr","contentUrl":"https:\/\/www.habitissimo.pt\/procenter\/wp-content\/uploads\/sites\/5\/2021\/04\/Diseno-sin-titulo-11.png?wsr","width":900,"height":300},{"@type":"BreadcrumbList","@id":"https:\/\/www.habitissimo.pt\/procenter\/documento\/jornal-economico-e-habitissimo-recuperacao-do-setor-da-construcao\/#breadcrumb","itemListElement":[{"@type":"ListItem","position":1,"name":"Home","item":"https:\/\/www.habitissimo.pt\/procenter\/"},{"@type":"ListItem","position":2,"name":"Documentos","item":"https:\/\/www.habitissimo.pt\/procenter\/documento\/"},{"@type":"ListItem","position":3,"name":"Imprensa","item":"https:\/\/www.habitissimo.pt\/procenter\/documento_cat\/imprensa\/"},{"@type":"ListItem","position":4,"name":"Recupera\u00e7\u00e3o do setor da constru\u00e7\u00e3o face \u00e0 crise"}]},{"@type":"WebSite","@id":"https:\/\/www.habitissimo.pt\/procenter\/#website","url":"https:\/\/www.habitissimo.pt\/procenter\/","name":"Habitissimo POR","description":"Reformas e Servi\u00e7os Dom\u00e9sticos","potentialAction":[{"@type":"SearchAction","target":{"@type":"EntryPoint","urlTemplate":"https:\/\/www.habitissimo.pt\/procenter\/?s={search_term_string}"},"query-input":{"@type":"PropertyValueSpecification","valueRequired":true,"valueName":"search_term_string"}}],"inLanguage":"pt-PT"}]}},"_links":{"self":[{"href":"https:\/\/www.habitissimo.pt\/procenter\/wp-json\/wp\/v2\/documento\/1875","targetHints":{"allow":["GET"]}}],"collection":[{"href":"https:\/\/www.habitissimo.pt\/procenter\/wp-json\/wp\/v2\/documento"}],"about":[{"href":"https:\/\/www.habitissimo.pt\/procenter\/wp-json\/wp\/v2\/types\/documento"}],"wp:featuredmedia":[{"embeddable":true,"href":"https:\/\/www.habitissimo.pt\/procenter\/wp-json\/wp\/v2\/media\/1877"}],"wp:attachment":[{"href":"https:\/\/www.habitissimo.pt\/procenter\/wp-json\/wp\/v2\/media?parent=1875"}],"wp:term":[{"taxonomy":"post_tag","embeddable":true,"href":"https:\/\/www.habitissimo.pt\/procenter\/wp-json\/wp\/v2\/tags?post=1875"},{"taxonomy":"documento_cat","embeddable":true,"href":"https:\/\/www.habitissimo.pt\/procenter\/wp-json\/wp\/v2\/documento_cat?post=1875"}],"curies":[{"name":"wp","href":"https:\/\/api.w.org\/{rel}","templated":true}]}}

Recuperação do setor da construção face à crise

<p>Depoimento de Ariel Quintana, Country Manager habitissimo Portugal, no suplemento especial do Jornal Económico sobre Imobiliário e Tecnologia. A participação aborda a recuperação do setor face à crise trazida pela pandemia, por via do contributo tecnológico, assim como o futuro previsto para as plataformas digitais de serviços, num fórum que inclui a participação de vários players nacionais do Imobiliário e da Construção.</p>



<p></p>

<!-- This site is optimized with the Yoast SEO plugin v26.5 - https://yoast.com/wordpress/plugins/seo/ -->
<title>Recuperação do setor da construção face à crise Habitissimo POR</title>
<meta name="description" content="A recuperação do setor face à crise trazida pela pandemia, assim como o futuro previsto para as plataformas digitais de serviços." />
<meta name="robots" content="index, follow, max-snippet:-1, max-image-preview:large, max-video-preview:-1" />
<link rel="canonical" href="https://www.habitissimo.pt/procenter/documento/jornal-economico-e-habitissimo-recuperacao-do-setor-da-construcao/" />
<meta property="og:locale" content="pt_PT" />
<meta property="og:type" content="article" />
<meta property="og:title" content="Recuperação do setor da construção face à crise Habitissimo POR" />
<meta property="og:description" content="A recuperação do setor face à crise trazida pela pandemia, assim como o futuro previsto para as plataformas digitais de serviços." />
<meta property="og:url" content="https://www.habitissimo.pt/procenter/documento/jornal-economico-e-habitissimo-recuperacao-do-setor-da-construcao/" />
<meta property="og:site_name" content="Habitissimo POR" />
<meta property="article:modified_time" content="2021-06-08T14:50:50+00:00" />
<meta property="og:image" content="https://www.habitissimo.pt/procenter/wp-content/uploads/sites/5/2021/04/Diseno-sin-titulo-11.png" />
	<meta property="og:image:width" content="900" />
	<meta property="og:image:height" content="300" />
	<meta property="og:image:type" content="image/png" />
<meta name="twitter:card" content="summary_large_image" />
<meta name="twitter:label1" content="Tempo estimado de leitura" />
	<meta name="twitter:data1" content="1 minuto" />
<script type="application/ld+json" class="yoast-schema-graph">{"@context":"https://schema.org","@graph":[{"@type":"WebPage","@id":"https://www.habitissimo.pt/procenter/documento/jornal-economico-e-habitissimo-recuperacao-do-setor-da-construcao/","url":"https://www.habitissimo.pt/procenter/documento/jornal-economico-e-habitissimo-recuperacao-do-setor-da-construcao/","name":"Recuperação do setor da construção face à crise Habitissimo POR","isPartOf":{"@id":"https://www.habitissimo.pt/procenter/#website"},"primaryImageOfPage":{"@id":"https://www.habitissimo.pt/procenter/documento/jornal-economico-e-habitissimo-recuperacao-do-setor-da-construcao/#primaryimage"},"image":{"@id":"https://www.habitissimo.pt/procenter/documento/jornal-economico-e-habitissimo-recuperacao-do-setor-da-construcao/#primaryimage"},"thumbnailUrl":"https://www.habitissimo.pt/procenter/wp-content/uploads/sites/5/2021/04/Diseno-sin-titulo-11.png?wsr","datePublished":"2021-04-09T09:16:08+00:00","dateModified":"2021-06-08T14:50:50+00:00","description":"A recuperação do setor face à crise trazida pela pandemia, assim como o futuro previsto para as plataformas digitais de serviços.","breadcrumb":{"@id":"https://www.habitissimo.pt/procenter/documento/jornal-economico-e-habitissimo-recuperacao-do-setor-da-construcao/#breadcrumb"},"inLanguage":"pt-PT","potentialAction":[{"@type":"ReadAction","target":["https://www.habitissimo.pt/procenter/documento/jornal-economico-e-habitissimo-recuperacao-do-setor-da-construcao/"]}]},{"@type":"ImageObject","inLanguage":"pt-PT","@id":"https://www.habitissimo.pt/procenter/documento/jornal-economico-e-habitissimo-recuperacao-do-setor-da-construcao/#primaryimage","url":"https://www.habitissimo.pt/procenter/wp-content/uploads/sites/5/2021/04/Diseno-sin-titulo-11.png?wsr","contentUrl":"https://www.habitissimo.pt/procenter/wp-content/uploads/sites/5/2021/04/Diseno-sin-titulo-11.png?wsr","width":900,"height":300},{"@type":"BreadcrumbList","@id":"https://www.habitissimo.pt/procenter/documento/jornal-economico-e-habitissimo-recuperacao-do-setor-da-construcao/#breadcrumb","itemListElement":[{"@type":"ListItem","position":1,"name":"Home","item":"https://www.habitissimo.pt/procenter/"},{"@type":"ListItem","position":2,"name":"Documentos","item":"https://www.habitissimo.pt/procenter/documento/"},{"@type":"ListItem","position":3,"name":"Imprensa","item":"https://www.habitissimo.pt/procenter/documento_cat/imprensa/"},{"@type":"ListItem","position":4,"name":"Recuperação do setor da construção face à crise"}]},{"@type":"WebSite","@id":"https://www.habitissimo.pt/procenter/#website","url":"https://www.habitissimo.pt/procenter/","name":"Habitissimo POR","description":"Reformas e Serviços Domésticos","potentialAction":[{"@type":"SearchAction","target":{"@type":"EntryPoint","urlTemplate":"https://www.habitissimo.pt/procenter/?s={search_term_string}"},"query-input":{"@type":"PropertyValueSpecification","valueRequired":true,"valueName":"search_term_string"}}],"inLanguage":"pt-PT"}]}</script>
<!-- / Yoast SEO plugin. -->

Recuperação do setor da construção face à crise Habitissimo POR

A recuperação do setor face à crise trazida pela pandemia, assim como o futuro previsto para as plataformas digitais de serviços.

Reformas e Serviços Domésticos
