{"id":1878,"date":"2021-04-09T10:28:17","date_gmt":"2021-04-09T09:28:17","guid":{"rendered":"https:\/\/procenter.habitissimo.pt\/?post_type=documento&#038;p=1878"},"modified":"2021-06-08T15:50:01","modified_gmt":"2021-06-08T14:50:01","slug":"vida-economica-e-habitissimo-registro-de-profissionais-do-setor-da-construcao-na-plataforma","status":"publish","type":"documento","link":"https:\/\/www.habitissimo.pt\/procenter\/documento\/vida-economica-e-habitissimo-registro-de-profissionais-do-setor-da-construcao-na-plataforma\/","title":{"rendered":"Cresce registros de profissionais do setor da constru\u00e7\u00e3o na plataforma"},"content":{"rendered":"\n<p>Entrevista de Ariel Quintana ao suplemento Imobili\u00e1rio do jornal Vida Econ\u00f3mica, um seman\u00e1rio econ\u00f3mico maioritariamente dirigido ao universo das empresas, com uma \u00e1rea espec\u00edfica onde s\u00e3o aprofundados os temas do Imobili\u00e1rio e Constru\u00e7\u00e3o. A entrevista aborda o papel do Habitissimo na digitaliza\u00e7\u00e3o do setor, nomeadamente por via dos dados que mostram o crescimento do n\u00famero de profissionais inscritos na plataforma durante os meses de pico da pandemia.&nbsp; &nbsp;<\/p>\n","protected":false},"featured_media":1880,"template":"","tags":[],"documento_cat":[44,48,52],"class_list":["post-1878","documento","type-documento","status-publish","has-post-thumbnail","hentry","documento_cat-construcao","documento_cat-imprensa","documento_cat-setor"],"acf":[],"yoast_head":"<!-- This site is optimized with the Yoast SEO plugin v26.5 - https:\/\/yoast.com\/wordpress\/plugins\/seo\/ -->\n<title>Cresce registros de profissionais do setor da constru\u00e7\u00e3o na plataforma<\/title>\n<meta name=\"description\" content=\"Entrevista de Ariel Quintana ao jornal Vida Econ\u00f3mica a falar do crescimento de registos de profissionais do setor da constru\u00e7\u00e3o na pandemia.\" \/>\n<meta name=\"robots\" content=\"index, follow, max-snippet:-1, max-image-preview:large, max-video-preview:-1\" \/>\n<link rel=\"canonical\" href=\"https:\/\/www.habitissimo.pt\/procenter\/documento\/vida-economica-e-habitissimo-registro-de-profissionais-do-setor-da-construcao-na-plataforma\/\" \/>\n<meta property=\"og:locale\" content=\"pt_PT\" \/>\n<meta property=\"og:type\" content=\"article\" \/>\n<meta property=\"og:title\" content=\"Cresce registros de profissionais do setor da constru\u00e7\u00e3o na plataforma\" \/>\n<meta property=\"og:description\" content=\"Entrevista de Ariel Quintana ao jornal Vida Econ\u00f3mica a falar do crescimento de registos de profissionais do setor da constru\u00e7\u00e3o na pandemia.\" \/>\n<meta property=\"og:url\" content=\"https:\/\/www.habitissimo.pt\/procenter\/documento\/vida-economica-e-habitissimo-registro-de-profissionais-do-setor-da-construcao-na-plataforma\/\" \/>\n<meta property=\"og:site_name\" content=\"Habitissimo POR\" \/>\n<meta property=\"article:modified_time\" content=\"2021-06-08T14:50:01+00:00\" \/>\n<meta property=\"og:image\" content=\"https:\/\/www.habitissimo.pt\/procenter\/wp-content\/uploads\/sites\/5\/2021\/04\/ARIEL-NO-EVENTO-REALIZADO-COM-PROFISSIONAIS-NO-BR-scaled.jpg\" \/>\n\t<meta property=\"og:image:width\" content=\"2560\" \/>\n\t<meta property=\"og:image:height\" content=\"1707\" \/>\n\t<meta property=\"og:image:type\" content=\"image\/jpeg\" \/>\n<meta name=\"twitter:card\" content=\"summary_large_image\" \/>\n<meta name=\"twitter:label1\" content=\"Tempo estimado de leitura\" \/>\n\t<meta name=\"twitter:data1\" content=\"1 minuto\" \/>\n<script type=\"application\/ld+json\" class=\"yoast-schema-graph\">{\"@context\":\"https:\/\/schema.org\",\"@graph\":[{\"@type\":\"WebPage\",\"@id\":\"https:\/\/www.habitissimo.pt\/procenter\/documento\/vida-economica-e-habitissimo-registro-de-profissionais-do-setor-da-construcao-na-plataforma\/\",\"url\":\"https:\/\/www.habitissimo.pt\/procenter\/documento\/vida-economica-e-habitissimo-registro-de-profissionais-do-setor-da-construcao-na-plataforma\/\",\"name\":\"Cresce registros de profissionais do setor da constru\u00e7\u00e3o na plataforma\",\"isPartOf\":{\"@id\":\"https:\/\/www.habitissimo.pt\/procenter\/#website\"},\"primaryImageOfPage\":{\"@id\":\"https:\/\/www.habitissimo.pt\/procenter\/documento\/vida-economica-e-habitissimo-registro-de-profissionais-do-setor-da-construcao-na-plataforma\/#primaryimage\"},\"image\":{\"@id\":\"https:\/\/www.habitissimo.pt\/procenter\/documento\/vida-economica-e-habitissimo-registro-de-profissionais-do-setor-da-construcao-na-plataforma\/#primaryimage\"},\"thumbnailUrl\":\"https:\/\/www.habitissimo.pt\/procenter\/wp-content\/uploads\/sites\/5\/2021\/04\/ARIEL-NO-EVENTO-REALIZADO-COM-PROFISSIONAIS-NO-BR-scaled.jpg?wsr\",\"datePublished\":\"2021-04-09T09:28:17+00:00\",\"dateModified\":\"2021-06-08T14:50:01+00:00\",\"description\":\"Entrevista de Ariel Quintana ao jornal Vida Econ\u00f3mica a falar do crescimento de registos de profissionais do setor da constru\u00e7\u00e3o na pandemia.\",\"breadcrumb\":{\"@id\":\"https:\/\/www.habitissimo.pt\/procenter\/documento\/vida-economica-e-habitissimo-registro-de-profissionais-do-setor-da-construcao-na-plataforma\/#breadcrumb\"},\"inLanguage\":\"pt-PT\",\"potentialAction\":[{\"@type\":\"ReadAction\",\"target\":[\"https:\/\/www.habitissimo.pt\/procenter\/documento\/vida-economica-e-habitissimo-registro-de-profissionais-do-setor-da-construcao-na-plataforma\/\"]}]},{\"@type\":\"ImageObject\",\"inLanguage\":\"pt-PT\",\"@id\":\"https:\/\/www.habitissimo.pt\/procenter\/documento\/vida-economica-e-habitissimo-registro-de-profissionais-do-setor-da-construcao-na-plataforma\/#primaryimage\",\"url\":\"https:\/\/www.habitissimo.pt\/procenter\/wp-content\/uploads\/sites\/5\/2021\/04\/ARIEL-NO-EVENTO-REALIZADO-COM-PROFISSIONAIS-NO-BR-scaled.jpg?wsr\",\"contentUrl\":\"https:\/\/www.habitissimo.pt\/procenter\/wp-content\/uploads\/sites\/5\/2021\/04\/ARIEL-NO-EVENTO-REALIZADO-COM-PROFISSIONAIS-NO-BR-scaled.jpg?wsr\",\"width\":2560,\"height\":1707},{\"@type\":\"BreadcrumbList\",\"@id\":\"https:\/\/www.habitissimo.pt\/procenter\/documento\/vida-economica-e-habitissimo-registro-de-profissionais-do-setor-da-construcao-na-plataforma\/#breadcrumb\",\"itemListElement\":[{\"@type\":\"ListItem\",\"position\":1,\"name\":\"Home\",\"item\":\"https:\/\/www.habitissimo.pt\/procenter\/\"},{\"@type\":\"ListItem\",\"position\":2,\"name\":\"Documentos\",\"item\":\"https:\/\/www.habitissimo.pt\/procenter\/documento\/\"},{\"@type\":\"ListItem\",\"position\":3,\"name\":\"Imprensa\",\"item\":\"https:\/\/www.habitissimo.pt\/procenter\/documento_cat\/imprensa\/\"},{\"@type\":\"ListItem\",\"position\":4,\"name\":\"Cresce registros de profissionais do setor da constru\u00e7\u00e3o na plataforma\"}]},{\"@type\":\"WebSite\",\"@id\":\"https:\/\/www.habitissimo.pt\/procenter\/#website\",\"url\":\"https:\/\/www.habitissimo.pt\/procenter\/\",\"name\":\"Habitissimo POR\",\"description\":\"Reformas e Servi\u00e7os Dom\u00e9sticos\",\"potentialAction\":[{\"@type\":\"SearchAction\",\"target\":{\"@type\":\"EntryPoint\",\"urlTemplate\":\"https:\/\/www.habitissimo.pt\/procenter\/?s={search_term_string}\"},\"query-input\":{\"@type\":\"PropertyValueSpecification\",\"valueRequired\":true,\"valueName\":\"search_term_string\"}}],\"inLanguage\":\"pt-PT\"}]}<\/script>\n<!-- \/ Yoast SEO plugin. -->","yoast_head_json":{"title":"Cresce registros de profissionais do setor da constru\u00e7\u00e3o na plataforma","description":"Entrevista de Ariel Quintana ao jornal Vida Econ\u00f3mica a falar do crescimento de registos de profissionais do setor da constru\u00e7\u00e3o na pandemia.","robots":{"index":"index","follow":"follow","max-snippet":"max-snippet:-1","max-image-preview":"max-image-preview:large","max-video-preview":"max-video-preview:-1"},"canonical":"https:\/\/www.habitissimo.pt\/procenter\/documento\/vida-economica-e-habitissimo-registro-de-profissionais-do-setor-da-construcao-na-plataforma\/","og_locale":"pt_PT","og_type":"article","og_title":"Cresce registros de profissionais do setor da constru\u00e7\u00e3o na plataforma","og_description":"Entrevista de Ariel Quintana ao jornal Vida Econ\u00f3mica a falar do crescimento de registos de profissionais do setor da constru\u00e7\u00e3o na pandemia.","og_url":"https:\/\/www.habitissimo.pt\/procenter\/documento\/vida-economica-e-habitissimo-registro-de-profissionais-do-setor-da-construcao-na-plataforma\/","og_site_name":"Habitissimo POR","article_modified_time":"2021-06-08T14:50:01+00:00","og_image":[{"width":2560,"height":1707,"url":"https:\/\/www.habitissimo.pt\/procenter\/wp-content\/uploads\/sites\/5\/2021\/04\/ARIEL-NO-EVENTO-REALIZADO-COM-PROFISSIONAIS-NO-BR-scaled.jpg","type":"image\/jpeg"}],"twitter_card":"summary_large_image","twitter_misc":{"Tempo estimado de leitura":"1 minuto"},"schema":{"@context":"https:\/\/schema.org","@graph":[{"@type":"WebPage","@id":"https:\/\/www.habitissimo.pt\/procenter\/documento\/vida-economica-e-habitissimo-registro-de-profissionais-do-setor-da-construcao-na-plataforma\/","url":"https:\/\/www.habitissimo.pt\/procenter\/documento\/vida-economica-e-habitissimo-registro-de-profissionais-do-setor-da-construcao-na-plataforma\/","name":"Cresce registros de profissionais do setor da constru\u00e7\u00e3o na plataforma","isPartOf":{"@id":"https:\/\/www.habitissimo.pt\/procenter\/#website"},"primaryImageOfPage":{"@id":"https:\/\/www.habitissimo.pt\/procenter\/documento\/vida-economica-e-habitissimo-registro-de-profissionais-do-setor-da-construcao-na-plataforma\/#primaryimage"},"image":{"@id":"https:\/\/www.habitissimo.pt\/procenter\/documento\/vida-economica-e-habitissimo-registro-de-profissionais-do-setor-da-construcao-na-plataforma\/#primaryimage"},"thumbnailUrl":"https:\/\/www.habitissimo.pt\/procenter\/wp-content\/uploads\/sites\/5\/2021\/04\/ARIEL-NO-EVENTO-REALIZADO-COM-PROFISSIONAIS-NO-BR-scaled.jpg?wsr","datePublished":"2021-04-09T09:28:17+00:00","dateModified":"2021-06-08T14:50:01+00:00","description":"Entrevista de Ariel Quintana ao jornal Vida Econ\u00f3mica a falar do crescimento de registos de profissionais do setor da constru\u00e7\u00e3o na pandemia.","breadcrumb":{"@id":"https:\/\/www.habitissimo.pt\/procenter\/documento\/vida-economica-e-habitissimo-registro-de-profissionais-do-setor-da-construcao-na-plataforma\/#breadcrumb"},"inLanguage":"pt-PT","potentialAction":[{"@type":"ReadAction","target":["https:\/\/www.habitissimo.pt\/procenter\/documento\/vida-economica-e-habitissimo-registro-de-profissionais-do-setor-da-construcao-na-plataforma\/"]}]},{"@type":"ImageObject","inLanguage":"pt-PT","@id":"https:\/\/www.habitissimo.pt\/procenter\/documento\/vida-economica-e-habitissimo-registro-de-profissionais-do-setor-da-construcao-na-plataforma\/#primaryimage","url":"https:\/\/www.habitissimo.pt\/procenter\/wp-content\/uploads\/sites\/5\/2021\/04\/ARIEL-NO-EVENTO-REALIZADO-COM-PROFISSIONAIS-NO-BR-scaled.jpg?wsr","contentUrl":"https:\/\/www.habitissimo.pt\/procenter\/wp-content\/uploads\/sites\/5\/2021\/04\/ARIEL-NO-EVENTO-REALIZADO-COM-PROFISSIONAIS-NO-BR-scaled.jpg?wsr","width":2560,"height":1707},{"@type":"BreadcrumbList","@id":"https:\/\/www.habitissimo.pt\/procenter\/documento\/vida-economica-e-habitissimo-registro-de-profissionais-do-setor-da-construcao-na-plataforma\/#breadcrumb","itemListElement":[{"@type":"ListItem","position":1,"name":"Home","item":"https:\/\/www.habitissimo.pt\/procenter\/"},{"@type":"ListItem","position":2,"name":"Documentos","item":"https:\/\/www.habitissimo.pt\/procenter\/documento\/"},{"@type":"ListItem","position":3,"name":"Imprensa","item":"https:\/\/www.habitissimo.pt\/procenter\/documento_cat\/imprensa\/"},{"@type":"ListItem","position":4,"name":"Cresce registros de profissionais do setor da constru\u00e7\u00e3o na plataforma"}]},{"@type":"WebSite","@id":"https:\/\/www.habitissimo.pt\/procenter\/#website","url":"https:\/\/www.habitissimo.pt\/procenter\/","name":"Habitissimo POR","description":"Reformas e Servi\u00e7os Dom\u00e9sticos","potentialAction":[{"@type":"SearchAction","target":{"@type":"EntryPoint","urlTemplate":"https:\/\/www.habitissimo.pt\/procenter\/?s={search_term_string}"},"query-input":{"@type":"PropertyValueSpecification","valueRequired":true,"valueName":"search_term_string"}}],"inLanguage":"pt-PT"}]}},"_links":{"self":[{"href":"https:\/\/www.habitissimo.pt\/procenter\/wp-json\/wp\/v2\/documento\/1878","targetHints":{"allow":["GET"]}}],"collection":[{"href":"https:\/\/www.habitissimo.pt\/procenter\/wp-json\/wp\/v2\/documento"}],"about":[{"href":"https:\/\/www.habitissimo.pt\/procenter\/wp-json\/wp\/v2\/types\/documento"}],"wp:featuredmedia":[{"embeddable":true,"href":"https:\/\/www.habitissimo.pt\/procenter\/wp-json\/wp\/v2\/media\/1880"}],"wp:attachment":[{"href":"https:\/\/www.habitissimo.pt\/procenter\/wp-json\/wp\/v2\/media?parent=1878"}],"wp:term":[{"taxonomy":"post_tag","embeddable":true,"href":"https:\/\/www.habitissimo.pt\/procenter\/wp-json\/wp\/v2\/tags?post=1878"},{"taxonomy":"documento_cat","embeddable":true,"href":"https:\/\/www.habitissimo.pt\/procenter\/wp-json\/wp\/v2\/documento_cat?post=1878"}],"curies":[{"name":"wp","href":"https:\/\/api.w.org\/{rel}","templated":true}]}}

Cresce registros de profissionais do setor da construção na plataforma

<p>Entrevista de Ariel Quintana ao suplemento Imobiliário do jornal Vida Económica, um semanário económico maioritariamente dirigido ao universo das empresas, com uma área específica onde são aprofundados os temas do Imobiliário e Construção. A entrevista aborda o papel do Habitissimo na digitalização do setor, nomeadamente por via dos dados que mostram o crescimento do número de profissionais inscritos na plataforma durante os meses de pico da pandemia.&nbsp; &nbsp;</p>

<!-- This site is optimized with the Yoast SEO plugin v26.5 - https://yoast.com/wordpress/plugins/seo/ -->
<title>Cresce registros de profissionais do setor da construção na plataforma</title>
<meta name="description" content="Entrevista de Ariel Quintana ao jornal Vida Económica a falar do crescimento de registos de profissionais do setor da construção na pandemia." />
<meta name="robots" content="index, follow, max-snippet:-1, max-image-preview:large, max-video-preview:-1" />
<link rel="canonical" href="https://www.habitissimo.pt/procenter/documento/vida-economica-e-habitissimo-registro-de-profissionais-do-setor-da-construcao-na-plataforma/" />
<meta property="og:locale" content="pt_PT" />
<meta property="og:type" content="article" />
<meta property="og:title" content="Cresce registros de profissionais do setor da construção na plataforma" />
<meta property="og:description" content="Entrevista de Ariel Quintana ao jornal Vida Económica a falar do crescimento de registos de profissionais do setor da construção na pandemia." />
<meta property="og:url" content="https://www.habitissimo.pt/procenter/documento/vida-economica-e-habitissimo-registro-de-profissionais-do-setor-da-construcao-na-plataforma/" />
<meta property="og:site_name" content="Habitissimo POR" />
<meta property="article:modified_time" content="2021-06-08T14:50:01+00:00" />
<meta property="og:image" content="https://www.habitissimo.pt/procenter/wp-content/uploads/sites/5/2021/04/ARIEL-NO-EVENTO-REALIZADO-COM-PROFISSIONAIS-NO-BR-scaled.jpg" />
	<meta property="og:image:width" content="2560" />
	<meta property="og:image:height" content="1707" />
	<meta property="og:image:type" content="image/jpeg" />
<meta name="twitter:card" content="summary_large_image" />
<meta name="twitter:label1" content="Tempo estimado de leitura" />
	<meta name="twitter:data1" content="1 minuto" />
<script type="application/ld+json" class="yoast-schema-graph">{"@context":"https://schema.org","@graph":[{"@type":"WebPage","@id":"https://www.habitissimo.pt/procenter/documento/vida-economica-e-habitissimo-registro-de-profissionais-do-setor-da-construcao-na-plataforma/","url":"https://www.habitissimo.pt/procenter/documento/vida-economica-e-habitissimo-registro-de-profissionais-do-setor-da-construcao-na-plataforma/","name":"Cresce registros de profissionais do setor da construção na plataforma","isPartOf":{"@id":"https://www.habitissimo.pt/procenter/#website"},"primaryImageOfPage":{"@id":"https://www.habitissimo.pt/procenter/documento/vida-economica-e-habitissimo-registro-de-profissionais-do-setor-da-construcao-na-plataforma/#primaryimage"},"image":{"@id":"https://www.habitissimo.pt/procenter/documento/vida-economica-e-habitissimo-registro-de-profissionais-do-setor-da-construcao-na-plataforma/#primaryimage"},"thumbnailUrl":"https://www.habitissimo.pt/procenter/wp-content/uploads/sites/5/2021/04/ARIEL-NO-EVENTO-REALIZADO-COM-PROFISSIONAIS-NO-BR-scaled.jpg?wsr","datePublished":"2021-04-09T09:28:17+00:00","dateModified":"2021-06-08T14:50:01+00:00","description":"Entrevista de Ariel Quintana ao jornal Vida Económica a falar do crescimento de registos de profissionais do setor da construção na pandemia.","breadcrumb":{"@id":"https://www.habitissimo.pt/procenter/documento/vida-economica-e-habitissimo-registro-de-profissionais-do-setor-da-construcao-na-plataforma/#breadcrumb"},"inLanguage":"pt-PT","potentialAction":[{"@type":"ReadAction","target":["https://www.habitissimo.pt/procenter/documento/vida-economica-e-habitissimo-registro-de-profissionais-do-setor-da-construcao-na-plataforma/"]}]},{"@type":"ImageObject","inLanguage":"pt-PT","@id":"https://www.habitissimo.pt/procenter/documento/vida-economica-e-habitissimo-registro-de-profissionais-do-setor-da-construcao-na-plataforma/#primaryimage","url":"https://www.habitissimo.pt/procenter/wp-content/uploads/sites/5/2021/04/ARIEL-NO-EVENTO-REALIZADO-COM-PROFISSIONAIS-NO-BR-scaled.jpg?wsr","contentUrl":"https://www.habitissimo.pt/procenter/wp-content/uploads/sites/5/2021/04/ARIEL-NO-EVENTO-REALIZADO-COM-PROFISSIONAIS-NO-BR-scaled.jpg?wsr","width":2560,"height":1707},{"@type":"BreadcrumbList","@id":"https://www.habitissimo.pt/procenter/documento/vida-economica-e-habitissimo-registro-de-profissionais-do-setor-da-construcao-na-plataforma/#breadcrumb","itemListElement":[{"@type":"ListItem","position":1,"name":"Home","item":"https://www.habitissimo.pt/procenter/"},{"@type":"ListItem","position":2,"name":"Documentos","item":"https://www.habitissimo.pt/procenter/documento/"},{"@type":"ListItem","position":3,"name":"Imprensa","item":"https://www.habitissimo.pt/procenter/documento_cat/imprensa/"},{"@type":"ListItem","position":4,"name":"Cresce registros de profissionais do setor da construção na plataforma"}]},{"@type":"WebSite","@id":"https://www.habitissimo.pt/procenter/#website","url":"https://www.habitissimo.pt/procenter/","name":"Habitissimo POR","description":"Reformas e Serviços Domésticos","potentialAction":[{"@type":"SearchAction","target":{"@type":"EntryPoint","urlTemplate":"https://www.habitissimo.pt/procenter/?s={search_term_string}"},"query-input":{"@type":"PropertyValueSpecification","valueRequired":true,"valueName":"search_term_string"}}],"inLanguage":"pt-PT"}]}</script>
<!-- / Yoast SEO plugin. -->

Entrevista de Ariel Quintana ao jornal Vida Económica a falar do crescimento de registos de profissionais do setor da construção na pandemia.

Reformas e Serviços Domésticos
