{"id":2485,"date":"2021-10-05T10:03:55","date_gmt":"2021-10-05T09:03:55","guid":{"rendered":"https:\/\/procenter.habitissimo.pt\/?post_type=formacion&#038;p=2485"},"modified":"2021-10-21T13:27:12","modified_gmt":"2021-10-21T12:27:12","slug":"formacao-colagem-de-ceramica-em-varandas-e-terracos-sobre-impermeabilizacao","status":"publish","type":"formacion","link":"https:\/\/www.habitissimo.pt\/procenter\/formacao\/formacao-colagem-de-ceramica-em-varandas-e-terracos-sobre-impermeabilizacao\/","title":{"rendered":"Forma\u00e7\u00e3o: Colagem de cer\u00e2mica em varandas e terra\u00e7os sobre impermeabiliza\u00e7\u00e3o"},"content":{"rendered":"\n<h2 class=\"wp-block-heading\">Colagem de cer\u00e2mica em varandas e terra\u00e7os sobre impermeabiliza\u00e7\u00e3o<\/h2>\n\n\n\n<p>Os revestimentos cer\u00e2micos s\u00e3o uma das solu\u00e7\u00f5es mais utilizadas no acabamento de pavimentos em varandas e terra\u00e7os. Descubra como pode colar cer\u00e2mica em varandas e terra\u00e7os com um cimento-cola da Weber sobre uma impermeabiliza\u00e7\u00e3o, perceba todos os cuidados que deve ter e ainda as v\u00e1rias fases de aplica\u00e7\u00e3o.<\/p>\n\n\n\n<div class=\"wp-block-buttons is-content-justification-center is-layout-flex wp-block-buttons-is-layout-flex\">\n<div class=\"wp-block-button\"><a class=\"wp-block-button__link has-white-color has-luminous-vivid-orange-background-color has-text-color has-background\" href=\"https:\/\/youtu.be\/cvbyUbRg3hs?utm_source=mediapartner&amp;utm_medium=PortalHabitissimo&amp;utm_campaign=Colagem%20de%20ceramica%20em%20varandas%20e%20terracos%20sobre%20impermeabilizacao\" target=\"_blank\" rel=\"noreferrer noopener\">Assista aqui<\/a><\/div>\n<\/div>\n","protected":false},"featured_media":2519,"template":"","tags":[171,172,173,174],"formacion_cat":[154],"class_list":["post-2485","formacion","type-formacion","status-publish","has-post-thumbnail","hentry","tag-ceramica","tag-colagem-de-ceramica","tag-formacao","tag-varandas","formacion_cat-habitissimo-e-saint-gobain-portugal"],"acf":[],"yoast_head":"<!-- This site is optimized with the Yoast SEO plugin v26.5 - https:\/\/yoast.com\/wordpress\/plugins\/seo\/ -->\n<title>Forma\u00e7\u00e3o: Colagem de cer\u00e2mica em varandas e terra\u00e7os sobre impermeabiliza\u00e7\u00e3o - Habitissimo POR<\/title>\n<meta name=\"description\" content=\"Forma\u00e7\u00e3o para descobrir como pode colar cer\u00e2mica em varandas e terra\u00e7os com um cimento-cola da Weber sobre uma impermeabiliza\u00e7\u00e3o\" \/>\n<meta name=\"robots\" content=\"index, follow, max-snippet:-1, max-image-preview:large, max-video-preview:-1\" \/>\n<link rel=\"canonical\" href=\"https:\/\/www.habitissimo.pt\/procenter\/formacao\/formacao-colagem-de-ceramica-em-varandas-e-terracos-sobre-impermeabilizacao\/\" \/>\n<meta property=\"og:locale\" content=\"pt_PT\" \/>\n<meta property=\"og:type\" content=\"article\" \/>\n<meta property=\"og:title\" content=\"Forma\u00e7\u00e3o: Colagem de cer\u00e2mica em varandas e terra\u00e7os sobre impermeabiliza\u00e7\u00e3o - Habitissimo POR\" \/>\n<meta property=\"og:description\" content=\"Forma\u00e7\u00e3o para descobrir como pode colar cer\u00e2mica em varandas e terra\u00e7os com um cimento-cola da Weber sobre uma impermeabiliza\u00e7\u00e3o\" \/>\n<meta property=\"og:url\" content=\"https:\/\/www.habitissimo.pt\/procenter\/formacao\/formacao-colagem-de-ceramica-em-varandas-e-terracos-sobre-impermeabilizacao\/\" \/>\n<meta property=\"og:site_name\" content=\"Habitissimo POR\" \/>\n<meta property=\"article:modified_time\" content=\"2021-10-21T12:27:12+00:00\" \/>\n<meta property=\"og:image\" content=\"https:\/\/www.habitissimo.pt\/procenter\/wp-content\/uploads\/sites\/5\/2021\/10\/Colagem-de-ceramica-em-varandas-e-terracos-sobre-impermeabilizacao-scaled.jpg\" \/>\n\t<meta property=\"og:image:width\" content=\"2560\" \/>\n\t<meta property=\"og:image:height\" content=\"1707\" \/>\n\t<meta property=\"og:image:type\" content=\"image\/jpeg\" \/>\n<meta name=\"twitter:card\" content=\"summary_large_image\" \/>\n<meta name=\"twitter:label1\" content=\"Tempo estimado de leitura\" \/>\n\t<meta name=\"twitter:data1\" content=\"1 minuto\" \/>\n<script type=\"application\/ld+json\" class=\"yoast-schema-graph\">{\"@context\":\"https:\/\/schema.org\",\"@graph\":[{\"@type\":\"WebPage\",\"@id\":\"https:\/\/www.habitissimo.pt\/procenter\/formacao\/formacao-colagem-de-ceramica-em-varandas-e-terracos-sobre-impermeabilizacao\/\",\"url\":\"https:\/\/www.habitissimo.pt\/procenter\/formacao\/formacao-colagem-de-ceramica-em-varandas-e-terracos-sobre-impermeabilizacao\/\",\"name\":\"Forma\u00e7\u00e3o: Colagem de cer\u00e2mica em varandas e terra\u00e7os sobre impermeabiliza\u00e7\u00e3o - Habitissimo POR\",\"isPartOf\":{\"@id\":\"https:\/\/www.habitissimo.pt\/procenter\/#website\"},\"primaryImageOfPage\":{\"@id\":\"https:\/\/www.habitissimo.pt\/procenter\/formacao\/formacao-colagem-de-ceramica-em-varandas-e-terracos-sobre-impermeabilizacao\/#primaryimage\"},\"image\":{\"@id\":\"https:\/\/www.habitissimo.pt\/procenter\/formacao\/formacao-colagem-de-ceramica-em-varandas-e-terracos-sobre-impermeabilizacao\/#primaryimage\"},\"thumbnailUrl\":\"https:\/\/www.habitissimo.pt\/procenter\/wp-content\/uploads\/sites\/5\/2021\/10\/Colagem-de-ceramica-em-varandas-e-terracos-sobre-impermeabilizacao-scaled.jpg?wsr\",\"datePublished\":\"2021-10-05T09:03:55+00:00\",\"dateModified\":\"2021-10-21T12:27:12+00:00\",\"description\":\"Forma\u00e7\u00e3o para descobrir como pode colar cer\u00e2mica em varandas e terra\u00e7os com um cimento-cola da Weber sobre uma impermeabiliza\u00e7\u00e3o\",\"breadcrumb\":{\"@id\":\"https:\/\/www.habitissimo.pt\/procenter\/formacao\/formacao-colagem-de-ceramica-em-varandas-e-terracos-sobre-impermeabilizacao\/#breadcrumb\"},\"inLanguage\":\"pt-PT\",\"potentialAction\":[{\"@type\":\"ReadAction\",\"target\":[\"https:\/\/www.habitissimo.pt\/procenter\/formacao\/formacao-colagem-de-ceramica-em-varandas-e-terracos-sobre-impermeabilizacao\/\"]}]},{\"@type\":\"ImageObject\",\"inLanguage\":\"pt-PT\",\"@id\":\"https:\/\/www.habitissimo.pt\/procenter\/formacao\/formacao-colagem-de-ceramica-em-varandas-e-terracos-sobre-impermeabilizacao\/#primaryimage\",\"url\":\"https:\/\/www.habitissimo.pt\/procenter\/wp-content\/uploads\/sites\/5\/2021\/10\/Colagem-de-ceramica-em-varandas-e-terracos-sobre-impermeabilizacao-scaled.jpg?wsr\",\"contentUrl\":\"https:\/\/www.habitissimo.pt\/procenter\/wp-content\/uploads\/sites\/5\/2021\/10\/Colagem-de-ceramica-em-varandas-e-terracos-sobre-impermeabilizacao-scaled.jpg?wsr\",\"width\":2560,\"height\":1707,\"caption\":\"Colagem de cer\u00e2mica em varandas e terra\u00e7os sobre impermeabiliza\u00e7\u00e3o\"},{\"@type\":\"BreadcrumbList\",\"@id\":\"https:\/\/www.habitissimo.pt\/procenter\/formacao\/formacao-colagem-de-ceramica-em-varandas-e-terracos-sobre-impermeabilizacao\/#breadcrumb\",\"itemListElement\":[{\"@type\":\"ListItem\",\"position\":1,\"name\":\"Home\",\"item\":\"https:\/\/www.habitissimo.pt\/procenter\/\"},{\"@type\":\"ListItem\",\"position\":2,\"name\":\"Formac\u00e3o\",\"item\":\"https:\/\/www.habitissimo.pt\/procenter\/formacao\/\"},{\"@type\":\"ListItem\",\"position\":3,\"name\":\"habitissimo e Saint-Gobain Portugal\",\"item\":\"https:\/\/www.habitissimo.pt\/procenter\/formacion_cat\/habitissimo-e-saint-gobain-portugal\/\"},{\"@type\":\"ListItem\",\"position\":4,\"name\":\"Forma\u00e7\u00e3o: Colagem de cer\u00e2mica em varandas e terra\u00e7os sobre impermeabiliza\u00e7\u00e3o\"}]},{\"@type\":\"WebSite\",\"@id\":\"https:\/\/www.habitissimo.pt\/procenter\/#website\",\"url\":\"https:\/\/www.habitissimo.pt\/procenter\/\",\"name\":\"Habitissimo POR\",\"description\":\"Reformas e Servi\u00e7os Dom\u00e9sticos\",\"potentialAction\":[{\"@type\":\"SearchAction\",\"target\":{\"@type\":\"EntryPoint\",\"urlTemplate\":\"https:\/\/www.habitissimo.pt\/procenter\/?s={search_term_string}\"},\"query-input\":{\"@type\":\"PropertyValueSpecification\",\"valueRequired\":true,\"valueName\":\"search_term_string\"}}],\"inLanguage\":\"pt-PT\"}]}<\/script>\n<!-- \/ Yoast SEO plugin. -->","yoast_head_json":{"title":"Forma\u00e7\u00e3o: Colagem de cer\u00e2mica em varandas e terra\u00e7os sobre impermeabiliza\u00e7\u00e3o - Habitissimo POR","description":"Forma\u00e7\u00e3o para descobrir como pode colar cer\u00e2mica em varandas e terra\u00e7os com um cimento-cola da Weber sobre uma impermeabiliza\u00e7\u00e3o","robots":{"index":"index","follow":"follow","max-snippet":"max-snippet:-1","max-image-preview":"max-image-preview:large","max-video-preview":"max-video-preview:-1"},"canonical":"https:\/\/www.habitissimo.pt\/procenter\/formacao\/formacao-colagem-de-ceramica-em-varandas-e-terracos-sobre-impermeabilizacao\/","og_locale":"pt_PT","og_type":"article","og_title":"Forma\u00e7\u00e3o: Colagem de cer\u00e2mica em varandas e terra\u00e7os sobre impermeabiliza\u00e7\u00e3o - Habitissimo POR","og_description":"Forma\u00e7\u00e3o para descobrir como pode colar cer\u00e2mica em varandas e terra\u00e7os com um cimento-cola da Weber sobre uma impermeabiliza\u00e7\u00e3o","og_url":"https:\/\/www.habitissimo.pt\/procenter\/formacao\/formacao-colagem-de-ceramica-em-varandas-e-terracos-sobre-impermeabilizacao\/","og_site_name":"Habitissimo POR","article_modified_time":"2021-10-21T12:27:12+00:00","og_image":[{"width":2560,"height":1707,"url":"https:\/\/www.habitissimo.pt\/procenter\/wp-content\/uploads\/sites\/5\/2021\/10\/Colagem-de-ceramica-em-varandas-e-terracos-sobre-impermeabilizacao-scaled.jpg","type":"image\/jpeg"}],"twitter_card":"summary_large_image","twitter_misc":{"Tempo estimado de leitura":"1 minuto"},"schema":{"@context":"https:\/\/schema.org","@graph":[{"@type":"WebPage","@id":"https:\/\/www.habitissimo.pt\/procenter\/formacao\/formacao-colagem-de-ceramica-em-varandas-e-terracos-sobre-impermeabilizacao\/","url":"https:\/\/www.habitissimo.pt\/procenter\/formacao\/formacao-colagem-de-ceramica-em-varandas-e-terracos-sobre-impermeabilizacao\/","name":"Forma\u00e7\u00e3o: Colagem de cer\u00e2mica em varandas e terra\u00e7os sobre impermeabiliza\u00e7\u00e3o - Habitissimo POR","isPartOf":{"@id":"https:\/\/www.habitissimo.pt\/procenter\/#website"},"primaryImageOfPage":{"@id":"https:\/\/www.habitissimo.pt\/procenter\/formacao\/formacao-colagem-de-ceramica-em-varandas-e-terracos-sobre-impermeabilizacao\/#primaryimage"},"image":{"@id":"https:\/\/www.habitissimo.pt\/procenter\/formacao\/formacao-colagem-de-ceramica-em-varandas-e-terracos-sobre-impermeabilizacao\/#primaryimage"},"thumbnailUrl":"https:\/\/www.habitissimo.pt\/procenter\/wp-content\/uploads\/sites\/5\/2021\/10\/Colagem-de-ceramica-em-varandas-e-terracos-sobre-impermeabilizacao-scaled.jpg?wsr","datePublished":"2021-10-05T09:03:55+00:00","dateModified":"2021-10-21T12:27:12+00:00","description":"Forma\u00e7\u00e3o para descobrir como pode colar cer\u00e2mica em varandas e terra\u00e7os com um cimento-cola da Weber sobre uma impermeabiliza\u00e7\u00e3o","breadcrumb":{"@id":"https:\/\/www.habitissimo.pt\/procenter\/formacao\/formacao-colagem-de-ceramica-em-varandas-e-terracos-sobre-impermeabilizacao\/#breadcrumb"},"inLanguage":"pt-PT","potentialAction":[{"@type":"ReadAction","target":["https:\/\/www.habitissimo.pt\/procenter\/formacao\/formacao-colagem-de-ceramica-em-varandas-e-terracos-sobre-impermeabilizacao\/"]}]},{"@type":"ImageObject","inLanguage":"pt-PT","@id":"https:\/\/www.habitissimo.pt\/procenter\/formacao\/formacao-colagem-de-ceramica-em-varandas-e-terracos-sobre-impermeabilizacao\/#primaryimage","url":"https:\/\/www.habitissimo.pt\/procenter\/wp-content\/uploads\/sites\/5\/2021\/10\/Colagem-de-ceramica-em-varandas-e-terracos-sobre-impermeabilizacao-scaled.jpg?wsr","contentUrl":"https:\/\/www.habitissimo.pt\/procenter\/wp-content\/uploads\/sites\/5\/2021\/10\/Colagem-de-ceramica-em-varandas-e-terracos-sobre-impermeabilizacao-scaled.jpg?wsr","width":2560,"height":1707,"caption":"Colagem de cer\u00e2mica em varandas e terra\u00e7os sobre impermeabiliza\u00e7\u00e3o"},{"@type":"BreadcrumbList","@id":"https:\/\/www.habitissimo.pt\/procenter\/formacao\/formacao-colagem-de-ceramica-em-varandas-e-terracos-sobre-impermeabilizacao\/#breadcrumb","itemListElement":[{"@type":"ListItem","position":1,"name":"Home","item":"https:\/\/www.habitissimo.pt\/procenter\/"},{"@type":"ListItem","position":2,"name":"Formac\u00e3o","item":"https:\/\/www.habitissimo.pt\/procenter\/formacao\/"},{"@type":"ListItem","position":3,"name":"habitissimo e Saint-Gobain Portugal","item":"https:\/\/www.habitissimo.pt\/procenter\/formacion_cat\/habitissimo-e-saint-gobain-portugal\/"},{"@type":"ListItem","position":4,"name":"Forma\u00e7\u00e3o: Colagem de cer\u00e2mica em varandas e terra\u00e7os sobre impermeabiliza\u00e7\u00e3o"}]},{"@type":"WebSite","@id":"https:\/\/www.habitissimo.pt\/procenter\/#website","url":"https:\/\/www.habitissimo.pt\/procenter\/","name":"Habitissimo POR","description":"Reformas e Servi\u00e7os Dom\u00e9sticos","potentialAction":[{"@type":"SearchAction","target":{"@type":"EntryPoint","urlTemplate":"https:\/\/www.habitissimo.pt\/procenter\/?s={search_term_string}"},"query-input":{"@type":"PropertyValueSpecification","valueRequired":true,"valueName":"search_term_string"}}],"inLanguage":"pt-PT"}]}},"_links":{"self":[{"href":"https:\/\/www.habitissimo.pt\/procenter\/wp-json\/wp\/v2\/formacion\/2485","targetHints":{"allow":["GET"]}}],"collection":[{"href":"https:\/\/www.habitissimo.pt\/procenter\/wp-json\/wp\/v2\/formacion"}],"about":[{"href":"https:\/\/www.habitissimo.pt\/procenter\/wp-json\/wp\/v2\/types\/formacion"}],"wp:featuredmedia":[{"embeddable":true,"href":"https:\/\/www.habitissimo.pt\/procenter\/wp-json\/wp\/v2\/media\/2519"}],"wp:attachment":[{"href":"https:\/\/www.habitissimo.pt\/procenter\/wp-json\/wp\/v2\/media?parent=2485"}],"wp:term":[{"taxonomy":"post_tag","embeddable":true,"href":"https:\/\/www.habitissimo.pt\/procenter\/wp-json\/wp\/v2\/tags?post=2485"},{"taxonomy":"formacion_cat","embeddable":true,"href":"https:\/\/www.habitissimo.pt\/procenter\/wp-json\/wp\/v2\/formacion_cat?post=2485"}],"curies":[{"name":"wp","href":"https:\/\/api.w.org\/{rel}","templated":true}]}}

Formação: Colagem de cerâmica em varandas e terraços sobre impermeabilização

<h2 class="wp-block-heading">Colagem de cerâmica em varandas e terraços sobre impermeabilização</h2>



<p>Os revestimentos cerâmicos são uma das soluções mais utilizadas no acabamento de pavimentos em varandas e terraços. Descubra como pode colar cerâmica em varandas e terraços com um cimento-cola da Weber sobre uma impermeabilização, perceba todos os cuidados que deve ter e ainda as várias fases de aplicação.</p>



<div class="wp-block-buttons is-content-justification-center is-layout-flex wp-block-buttons-is-layout-flex">
<div class="wp-block-button"><a class="wp-block-button__link has-white-color has-luminous-vivid-orange-background-color has-text-color has-background" href="https://youtu.be/cvbyUbRg3hs?utm_source=mediapartner&amp;utm_medium=PortalHabitissimo&amp;utm_campaign=Colagem%20de%20ceramica%20em%20varandas%20e%20terracos%20sobre%20impermeabilizacao" target="_blank" rel="noreferrer noopener">Assista aqui</a></div>
</div>

<!-- This site is optimized with the Yoast SEO plugin v26.5 - https://yoast.com/wordpress/plugins/seo/ -->
<title>Formação: Colagem de cerâmica em varandas e terraços sobre impermeabilização - Habitissimo POR</title>
<meta name="description" content="Formação para descobrir como pode colar cerâmica em varandas e terraços com um cimento-cola da Weber sobre uma impermeabilização" />
<meta name="robots" content="index, follow, max-snippet:-1, max-image-preview:large, max-video-preview:-1" />
<link rel="canonical" href="https://www.habitissimo.pt/procenter/formacao/formacao-colagem-de-ceramica-em-varandas-e-terracos-sobre-impermeabilizacao/" />
<meta property="og:locale" content="pt_PT" />
<meta property="og:type" content="article" />
<meta property="og:title" content="Formação: Colagem de cerâmica em varandas e terraços sobre impermeabilização - Habitissimo POR" />
<meta property="og:description" content="Formação para descobrir como pode colar cerâmica em varandas e terraços com um cimento-cola da Weber sobre uma impermeabilização" />
<meta property="og:url" content="https://www.habitissimo.pt/procenter/formacao/formacao-colagem-de-ceramica-em-varandas-e-terracos-sobre-impermeabilizacao/" />
<meta property="og:site_name" content="Habitissimo POR" />
<meta property="article:modified_time" content="2021-10-21T12:27:12+00:00" />
<meta property="og:image" content="https://www.habitissimo.pt/procenter/wp-content/uploads/sites/5/2021/10/Colagem-de-ceramica-em-varandas-e-terracos-sobre-impermeabilizacao-scaled.jpg" />
	<meta property="og:image:width" content="2560" />
	<meta property="og:image:height" content="1707" />
	<meta property="og:image:type" content="image/jpeg" />
<meta name="twitter:card" content="summary_large_image" />
<meta name="twitter:label1" content="Tempo estimado de leitura" />
	<meta name="twitter:data1" content="1 minuto" />
<script type="application/ld+json" class="yoast-schema-graph">{"@context":"https://schema.org","@graph":[{"@type":"WebPage","@id":"https://www.habitissimo.pt/procenter/formacao/formacao-colagem-de-ceramica-em-varandas-e-terracos-sobre-impermeabilizacao/","url":"https://www.habitissimo.pt/procenter/formacao/formacao-colagem-de-ceramica-em-varandas-e-terracos-sobre-impermeabilizacao/","name":"Formação: Colagem de cerâmica em varandas e terraços sobre impermeabilização - Habitissimo POR","isPartOf":{"@id":"https://www.habitissimo.pt/procenter/#website"},"primaryImageOfPage":{"@id":"https://www.habitissimo.pt/procenter/formacao/formacao-colagem-de-ceramica-em-varandas-e-terracos-sobre-impermeabilizacao/#primaryimage"},"image":{"@id":"https://www.habitissimo.pt/procenter/formacao/formacao-colagem-de-ceramica-em-varandas-e-terracos-sobre-impermeabilizacao/#primaryimage"},"thumbnailUrl":"https://www.habitissimo.pt/procenter/wp-content/uploads/sites/5/2021/10/Colagem-de-ceramica-em-varandas-e-terracos-sobre-impermeabilizacao-scaled.jpg?wsr","datePublished":"2021-10-05T09:03:55+00:00","dateModified":"2021-10-21T12:27:12+00:00","description":"Formação para descobrir como pode colar cerâmica em varandas e terraços com um cimento-cola da Weber sobre uma impermeabilização","breadcrumb":{"@id":"https://www.habitissimo.pt/procenter/formacao/formacao-colagem-de-ceramica-em-varandas-e-terracos-sobre-impermeabilizacao/#breadcrumb"},"inLanguage":"pt-PT","potentialAction":[{"@type":"ReadAction","target":["https://www.habitissimo.pt/procenter/formacao/formacao-colagem-de-ceramica-em-varandas-e-terracos-sobre-impermeabilizacao/"]}]},{"@type":"ImageObject","inLanguage":"pt-PT","@id":"https://www.habitissimo.pt/procenter/formacao/formacao-colagem-de-ceramica-em-varandas-e-terracos-sobre-impermeabilizacao/#primaryimage","url":"https://www.habitissimo.pt/procenter/wp-content/uploads/sites/5/2021/10/Colagem-de-ceramica-em-varandas-e-terracos-sobre-impermeabilizacao-scaled.jpg?wsr","contentUrl":"https://www.habitissimo.pt/procenter/wp-content/uploads/sites/5/2021/10/Colagem-de-ceramica-em-varandas-e-terracos-sobre-impermeabilizacao-scaled.jpg?wsr","width":2560,"height":1707,"caption":"Colagem de cerâmica em varandas e terraços sobre impermeabilização"},{"@type":"BreadcrumbList","@id":"https://www.habitissimo.pt/procenter/formacao/formacao-colagem-de-ceramica-em-varandas-e-terracos-sobre-impermeabilizacao/#breadcrumb","itemListElement":[{"@type":"ListItem","position":1,"name":"Home","item":"https://www.habitissimo.pt/procenter/"},{"@type":"ListItem","position":2,"name":"Formacão","item":"https://www.habitissimo.pt/procenter/formacao/"},{"@type":"ListItem","position":3,"name":"habitissimo e Saint-Gobain Portugal","item":"https://www.habitissimo.pt/procenter/formacion_cat/habitissimo-e-saint-gobain-portugal/"},{"@type":"ListItem","position":4,"name":"Formação: Colagem de cerâmica em varandas e terraços sobre impermeabilização"}]},{"@type":"WebSite","@id":"https://www.habitissimo.pt/procenter/#website","url":"https://www.habitissimo.pt/procenter/","name":"Habitissimo POR","description":"Reformas e Serviços Domésticos","potentialAction":[{"@type":"SearchAction","target":{"@type":"EntryPoint","urlTemplate":"https://www.habitissimo.pt/procenter/?s={search_term_string}"},"query-input":{"@type":"PropertyValueSpecification","valueRequired":true,"valueName":"search_term_string"}}],"inLanguage":"pt-PT"}]}</script>
<!-- / Yoast SEO plugin. -->

Formação: Colagem de cerâmica em varandas e terraços sobre impermeabilização - Habitissimo POR

Formação para descobrir como pode colar cerâmica em varandas e terraços com um cimento-cola da Weber sobre uma impermeabilização

Colagem de cerâmica em varandas e terraços sobre impermeabilização

Formacão

Reformas e Serviços Domésticos
