{"id":2551,"date":"2021-11-18T14:31:33","date_gmt":"2021-11-18T14:31:33","guid":{"rendered":"https:\/\/procenter.habitissimo.pt\/?post_type=formacion&#038;p=2551"},"modified":"2022-03-07T14:19:56","modified_gmt":"2022-03-07T14:19:56","slug":"formacao-colagem-de-pedra-ardosia-e-xisto","status":"publish","type":"formacion","link":"https:\/\/www.habitissimo.pt\/procenter\/formacao\/formacao-colagem-de-pedra-ardosia-e-xisto\/","title":{"rendered":"Forma\u00e7\u00e3o: Colagem de pedra ard\u00f3sia e xisto"},"content":{"rendered":"\n<h2 class=\"wp-block-heading\">Colagem de pedra ard\u00f3sia e xisto<\/h2>\n\n\n\n<p>A pedra natural \u00e9 um revestimento sujeito a diferentes deforma\u00e7\u00f5es, quando em contacto com diferentes temperaturas ao longo do dia, assim o adesivo deve acompanhar esses movimentos para que n\u00e3o haja rutura. Descubra como colar pedra ard\u00f3sia e xisto neste v\u00eddeo.<\/p>\n\n\n\n<div class=\"wp-block-buttons is-content-justification-center is-layout-flex wp-block-buttons-is-layout-flex\">\n<div class=\"wp-block-button\"><a class=\"wp-block-button__link has-white-color has-luminous-vivid-orange-background-color has-text-color has-background\" href=\"https:\/\/youtu.be\/EBdeHqRcP34?utm_source=mediapartner&amp;utm_medium=habitissimo&amp;utm_campaign=Colagem+de+pedra+ardosia+e+xisto\" target=\"_blank\" rel=\"noreferrer noopener\">Assista aqui<\/a><\/div>\n<\/div>\n","protected":false},"featured_media":2552,"template":"","tags":[],"formacion_cat":[154],"class_list":["post-2551","formacion","type-formacion","status-publish","has-post-thumbnail","hentry","formacion_cat-habitissimo-e-saint-gobain-portugal"],"acf":[],"yoast_head":"<!-- This site is optimized with the Yoast SEO plugin v26.5 - https:\/\/yoast.com\/wordpress\/plugins\/seo\/ -->\n<title>Forma\u00e7\u00e3o: Colagem de pedra ard\u00f3sia e xisto<\/title>\n<meta name=\"description\" content=\"Descubra como colar pedra ard\u00f3sia e xisto nesta forma\u00e7\u00e3o pr\u00e1tica da Saint-Gobain Weber Portugal.\" \/>\n<meta name=\"robots\" content=\"index, follow, max-snippet:-1, max-image-preview:large, max-video-preview:-1\" \/>\n<link rel=\"canonical\" href=\"https:\/\/www.habitissimo.pt\/procenter\/formacao\/formacao-colagem-de-pedra-ardosia-e-xisto\/\" \/>\n<meta property=\"og:locale\" content=\"pt_PT\" \/>\n<meta property=\"og:type\" content=\"article\" \/>\n<meta property=\"og:title\" content=\"Forma\u00e7\u00e3o: Colagem de pedra ard\u00f3sia e xisto\" \/>\n<meta property=\"og:description\" content=\"Descubra como colar pedra ard\u00f3sia e xisto nesta forma\u00e7\u00e3o pr\u00e1tica da Saint-Gobain Weber Portugal.\" \/>\n<meta property=\"og:url\" content=\"https:\/\/www.habitissimo.pt\/procenter\/formacao\/formacao-colagem-de-pedra-ardosia-e-xisto\/\" \/>\n<meta property=\"og:site_name\" content=\"Habitissimo POR\" \/>\n<meta property=\"article:modified_time\" content=\"2022-03-07T14:19:56+00:00\" \/>\n<meta property=\"og:image\" content=\"https:\/\/www.habitissimo.pt\/procenter\/wp-content\/uploads\/sites\/5\/2021\/11\/Colagem-de-pedra-ardosia-e-xisto.jpg\" \/>\n\t<meta property=\"og:image:width\" content=\"936\" \/>\n\t<meta property=\"og:image:height\" content=\"1067\" \/>\n\t<meta property=\"og:image:type\" content=\"image\/jpeg\" \/>\n<meta name=\"twitter:card\" content=\"summary_large_image\" \/>\n<meta name=\"twitter:label1\" content=\"Tempo estimado de leitura\" \/>\n\t<meta name=\"twitter:data1\" content=\"1 minuto\" \/>\n<script type=\"application\/ld+json\" class=\"yoast-schema-graph\">{\"@context\":\"https:\/\/schema.org\",\"@graph\":[{\"@type\":\"WebPage\",\"@id\":\"https:\/\/www.habitissimo.pt\/procenter\/formacao\/formacao-colagem-de-pedra-ardosia-e-xisto\/\",\"url\":\"https:\/\/www.habitissimo.pt\/procenter\/formacao\/formacao-colagem-de-pedra-ardosia-e-xisto\/\",\"name\":\"Forma\u00e7\u00e3o: Colagem de pedra ard\u00f3sia e xisto\",\"isPartOf\":{\"@id\":\"https:\/\/www.habitissimo.pt\/procenter\/#website\"},\"primaryImageOfPage\":{\"@id\":\"https:\/\/www.habitissimo.pt\/procenter\/formacao\/formacao-colagem-de-pedra-ardosia-e-xisto\/#primaryimage\"},\"image\":{\"@id\":\"https:\/\/www.habitissimo.pt\/procenter\/formacao\/formacao-colagem-de-pedra-ardosia-e-xisto\/#primaryimage\"},\"thumbnailUrl\":\"https:\/\/www.habitissimo.pt\/procenter\/wp-content\/uploads\/sites\/5\/2021\/11\/Colagem-de-pedra-ardosia-e-xisto.jpg?wsr\",\"datePublished\":\"2021-11-18T14:31:33+00:00\",\"dateModified\":\"2022-03-07T14:19:56+00:00\",\"description\":\"Descubra como colar pedra ard\u00f3sia e xisto nesta forma\u00e7\u00e3o pr\u00e1tica da Saint-Gobain Weber Portugal.\",\"breadcrumb\":{\"@id\":\"https:\/\/www.habitissimo.pt\/procenter\/formacao\/formacao-colagem-de-pedra-ardosia-e-xisto\/#breadcrumb\"},\"inLanguage\":\"pt-PT\",\"potentialAction\":[{\"@type\":\"ReadAction\",\"target\":[\"https:\/\/www.habitissimo.pt\/procenter\/formacao\/formacao-colagem-de-pedra-ardosia-e-xisto\/\"]}]},{\"@type\":\"ImageObject\",\"inLanguage\":\"pt-PT\",\"@id\":\"https:\/\/www.habitissimo.pt\/procenter\/formacao\/formacao-colagem-de-pedra-ardosia-e-xisto\/#primaryimage\",\"url\":\"https:\/\/www.habitissimo.pt\/procenter\/wp-content\/uploads\/sites\/5\/2021\/11\/Colagem-de-pedra-ardosia-e-xisto.jpg?wsr\",\"contentUrl\":\"https:\/\/www.habitissimo.pt\/procenter\/wp-content\/uploads\/sites\/5\/2021\/11\/Colagem-de-pedra-ardosia-e-xisto.jpg?wsr\",\"width\":936,\"height\":1067,\"caption\":\"Colagem de pedra ard\u00f3sia e xisto\"},{\"@type\":\"BreadcrumbList\",\"@id\":\"https:\/\/www.habitissimo.pt\/procenter\/formacao\/formacao-colagem-de-pedra-ardosia-e-xisto\/#breadcrumb\",\"itemListElement\":[{\"@type\":\"ListItem\",\"position\":1,\"name\":\"Home\",\"item\":\"https:\/\/www.habitissimo.pt\/procenter\/\"},{\"@type\":\"ListItem\",\"position\":2,\"name\":\"Formac\u00e3o\",\"item\":\"https:\/\/www.habitissimo.pt\/procenter\/formacao\/\"},{\"@type\":\"ListItem\",\"position\":3,\"name\":\"habitissimo e Saint-Gobain Portugal\",\"item\":\"https:\/\/www.habitissimo.pt\/procenter\/formacion_cat\/habitissimo-e-saint-gobain-portugal\/\"},{\"@type\":\"ListItem\",\"position\":4,\"name\":\"Forma\u00e7\u00e3o: Colagem de pedra ard\u00f3sia e xisto\"}]},{\"@type\":\"WebSite\",\"@id\":\"https:\/\/www.habitissimo.pt\/procenter\/#website\",\"url\":\"https:\/\/www.habitissimo.pt\/procenter\/\",\"name\":\"Habitissimo POR\",\"description\":\"Reformas e Servi\u00e7os Dom\u00e9sticos\",\"potentialAction\":[{\"@type\":\"SearchAction\",\"target\":{\"@type\":\"EntryPoint\",\"urlTemplate\":\"https:\/\/www.habitissimo.pt\/procenter\/?s={search_term_string}\"},\"query-input\":{\"@type\":\"PropertyValueSpecification\",\"valueRequired\":true,\"valueName\":\"search_term_string\"}}],\"inLanguage\":\"pt-PT\"}]}<\/script>\n<!-- \/ Yoast SEO plugin. -->","yoast_head_json":{"title":"Forma\u00e7\u00e3o: Colagem de pedra ard\u00f3sia e xisto","description":"Descubra como colar pedra ard\u00f3sia e xisto nesta forma\u00e7\u00e3o pr\u00e1tica da Saint-Gobain Weber Portugal.","robots":{"index":"index","follow":"follow","max-snippet":"max-snippet:-1","max-image-preview":"max-image-preview:large","max-video-preview":"max-video-preview:-1"},"canonical":"https:\/\/www.habitissimo.pt\/procenter\/formacao\/formacao-colagem-de-pedra-ardosia-e-xisto\/","og_locale":"pt_PT","og_type":"article","og_title":"Forma\u00e7\u00e3o: Colagem de pedra ard\u00f3sia e xisto","og_description":"Descubra como colar pedra ard\u00f3sia e xisto nesta forma\u00e7\u00e3o pr\u00e1tica da Saint-Gobain Weber Portugal.","og_url":"https:\/\/www.habitissimo.pt\/procenter\/formacao\/formacao-colagem-de-pedra-ardosia-e-xisto\/","og_site_name":"Habitissimo POR","article_modified_time":"2022-03-07T14:19:56+00:00","og_image":[{"width":936,"height":1067,"url":"https:\/\/www.habitissimo.pt\/procenter\/wp-content\/uploads\/sites\/5\/2021\/11\/Colagem-de-pedra-ardosia-e-xisto.jpg","type":"image\/jpeg"}],"twitter_card":"summary_large_image","twitter_misc":{"Tempo estimado de leitura":"1 minuto"},"schema":{"@context":"https:\/\/schema.org","@graph":[{"@type":"WebPage","@id":"https:\/\/www.habitissimo.pt\/procenter\/formacao\/formacao-colagem-de-pedra-ardosia-e-xisto\/","url":"https:\/\/www.habitissimo.pt\/procenter\/formacao\/formacao-colagem-de-pedra-ardosia-e-xisto\/","name":"Forma\u00e7\u00e3o: Colagem de pedra ard\u00f3sia e xisto","isPartOf":{"@id":"https:\/\/www.habitissimo.pt\/procenter\/#website"},"primaryImageOfPage":{"@id":"https:\/\/www.habitissimo.pt\/procenter\/formacao\/formacao-colagem-de-pedra-ardosia-e-xisto\/#primaryimage"},"image":{"@id":"https:\/\/www.habitissimo.pt\/procenter\/formacao\/formacao-colagem-de-pedra-ardosia-e-xisto\/#primaryimage"},"thumbnailUrl":"https:\/\/www.habitissimo.pt\/procenter\/wp-content\/uploads\/sites\/5\/2021\/11\/Colagem-de-pedra-ardosia-e-xisto.jpg?wsr","datePublished":"2021-11-18T14:31:33+00:00","dateModified":"2022-03-07T14:19:56+00:00","description":"Descubra como colar pedra ard\u00f3sia e xisto nesta forma\u00e7\u00e3o pr\u00e1tica da Saint-Gobain Weber Portugal.","breadcrumb":{"@id":"https:\/\/www.habitissimo.pt\/procenter\/formacao\/formacao-colagem-de-pedra-ardosia-e-xisto\/#breadcrumb"},"inLanguage":"pt-PT","potentialAction":[{"@type":"ReadAction","target":["https:\/\/www.habitissimo.pt\/procenter\/formacao\/formacao-colagem-de-pedra-ardosia-e-xisto\/"]}]},{"@type":"ImageObject","inLanguage":"pt-PT","@id":"https:\/\/www.habitissimo.pt\/procenter\/formacao\/formacao-colagem-de-pedra-ardosia-e-xisto\/#primaryimage","url":"https:\/\/www.habitissimo.pt\/procenter\/wp-content\/uploads\/sites\/5\/2021\/11\/Colagem-de-pedra-ardosia-e-xisto.jpg?wsr","contentUrl":"https:\/\/www.habitissimo.pt\/procenter\/wp-content\/uploads\/sites\/5\/2021\/11\/Colagem-de-pedra-ardosia-e-xisto.jpg?wsr","width":936,"height":1067,"caption":"Colagem de pedra ard\u00f3sia e xisto"},{"@type":"BreadcrumbList","@id":"https:\/\/www.habitissimo.pt\/procenter\/formacao\/formacao-colagem-de-pedra-ardosia-e-xisto\/#breadcrumb","itemListElement":[{"@type":"ListItem","position":1,"name":"Home","item":"https:\/\/www.habitissimo.pt\/procenter\/"},{"@type":"ListItem","position":2,"name":"Formac\u00e3o","item":"https:\/\/www.habitissimo.pt\/procenter\/formacao\/"},{"@type":"ListItem","position":3,"name":"habitissimo e Saint-Gobain Portugal","item":"https:\/\/www.habitissimo.pt\/procenter\/formacion_cat\/habitissimo-e-saint-gobain-portugal\/"},{"@type":"ListItem","position":4,"name":"Forma\u00e7\u00e3o: Colagem de pedra ard\u00f3sia e xisto"}]},{"@type":"WebSite","@id":"https:\/\/www.habitissimo.pt\/procenter\/#website","url":"https:\/\/www.habitissimo.pt\/procenter\/","name":"Habitissimo POR","description":"Reformas e Servi\u00e7os Dom\u00e9sticos","potentialAction":[{"@type":"SearchAction","target":{"@type":"EntryPoint","urlTemplate":"https:\/\/www.habitissimo.pt\/procenter\/?s={search_term_string}"},"query-input":{"@type":"PropertyValueSpecification","valueRequired":true,"valueName":"search_term_string"}}],"inLanguage":"pt-PT"}]}},"_links":{"self":[{"href":"https:\/\/www.habitissimo.pt\/procenter\/wp-json\/wp\/v2\/formacion\/2551","targetHints":{"allow":["GET"]}}],"collection":[{"href":"https:\/\/www.habitissimo.pt\/procenter\/wp-json\/wp\/v2\/formacion"}],"about":[{"href":"https:\/\/www.habitissimo.pt\/procenter\/wp-json\/wp\/v2\/types\/formacion"}],"wp:featuredmedia":[{"embeddable":true,"href":"https:\/\/www.habitissimo.pt\/procenter\/wp-json\/wp\/v2\/media\/2552"}],"wp:attachment":[{"href":"https:\/\/www.habitissimo.pt\/procenter\/wp-json\/wp\/v2\/media?parent=2551"}],"wp:term":[{"taxonomy":"post_tag","embeddable":true,"href":"https:\/\/www.habitissimo.pt\/procenter\/wp-json\/wp\/v2\/tags?post=2551"},{"taxonomy":"formacion_cat","embeddable":true,"href":"https:\/\/www.habitissimo.pt\/procenter\/wp-json\/wp\/v2\/formacion_cat?post=2551"}],"curies":[{"name":"wp","href":"https:\/\/api.w.org\/{rel}","templated":true}]}}

Formação: Colagem de pedra ardósia e xisto

<h2 class="wp-block-heading">Colagem de pedra ardósia e xisto</h2>



<p>A pedra natural é um revestimento sujeito a diferentes deformações, quando em contacto com diferentes temperaturas ao longo do dia, assim o adesivo deve acompanhar esses movimentos para que não haja rutura. Descubra como colar pedra ardósia e xisto neste vídeo.</p>



<div class="wp-block-buttons is-content-justification-center is-layout-flex wp-block-buttons-is-layout-flex">
<div class="wp-block-button"><a class="wp-block-button__link has-white-color has-luminous-vivid-orange-background-color has-text-color has-background" href="https://youtu.be/EBdeHqRcP34?utm_source=mediapartner&amp;utm_medium=habitissimo&amp;utm_campaign=Colagem+de+pedra+ardosia+e+xisto" target="_blank" rel="noreferrer noopener">Assista aqui</a></div>
</div>

<!-- This site is optimized with the Yoast SEO plugin v26.5 - https://yoast.com/wordpress/plugins/seo/ -->
<title>Formação: Colagem de pedra ardósia e xisto</title>
<meta name="description" content="Descubra como colar pedra ardósia e xisto nesta formação prática da Saint-Gobain Weber Portugal." />
<meta name="robots" content="index, follow, max-snippet:-1, max-image-preview:large, max-video-preview:-1" />
<link rel="canonical" href="https://www.habitissimo.pt/procenter/formacao/formacao-colagem-de-pedra-ardosia-e-xisto/" />
<meta property="og:locale" content="pt_PT" />
<meta property="og:type" content="article" />
<meta property="og:title" content="Formação: Colagem de pedra ardósia e xisto" />
<meta property="og:description" content="Descubra como colar pedra ardósia e xisto nesta formação prática da Saint-Gobain Weber Portugal." />
<meta property="og:url" content="https://www.habitissimo.pt/procenter/formacao/formacao-colagem-de-pedra-ardosia-e-xisto/" />
<meta property="og:site_name" content="Habitissimo POR" />
<meta property="article:modified_time" content="2022-03-07T14:19:56+00:00" />
<meta property="og:image" content="https://www.habitissimo.pt/procenter/wp-content/uploads/sites/5/2021/11/Colagem-de-pedra-ardosia-e-xisto.jpg" />
	<meta property="og:image:width" content="936" />
	<meta property="og:image:height" content="1067" />
	<meta property="og:image:type" content="image/jpeg" />
<meta name="twitter:card" content="summary_large_image" />
<meta name="twitter:label1" content="Tempo estimado de leitura" />
	<meta name="twitter:data1" content="1 minuto" />
<script type="application/ld+json" class="yoast-schema-graph">{"@context":"https://schema.org","@graph":[{"@type":"WebPage","@id":"https://www.habitissimo.pt/procenter/formacao/formacao-colagem-de-pedra-ardosia-e-xisto/","url":"https://www.habitissimo.pt/procenter/formacao/formacao-colagem-de-pedra-ardosia-e-xisto/","name":"Formação: Colagem de pedra ardósia e xisto","isPartOf":{"@id":"https://www.habitissimo.pt/procenter/#website"},"primaryImageOfPage":{"@id":"https://www.habitissimo.pt/procenter/formacao/formacao-colagem-de-pedra-ardosia-e-xisto/#primaryimage"},"image":{"@id":"https://www.habitissimo.pt/procenter/formacao/formacao-colagem-de-pedra-ardosia-e-xisto/#primaryimage"},"thumbnailUrl":"https://www.habitissimo.pt/procenter/wp-content/uploads/sites/5/2021/11/Colagem-de-pedra-ardosia-e-xisto.jpg?wsr","datePublished":"2021-11-18T14:31:33+00:00","dateModified":"2022-03-07T14:19:56+00:00","description":"Descubra como colar pedra ardósia e xisto nesta formação prática da Saint-Gobain Weber Portugal.","breadcrumb":{"@id":"https://www.habitissimo.pt/procenter/formacao/formacao-colagem-de-pedra-ardosia-e-xisto/#breadcrumb"},"inLanguage":"pt-PT","potentialAction":[{"@type":"ReadAction","target":["https://www.habitissimo.pt/procenter/formacao/formacao-colagem-de-pedra-ardosia-e-xisto/"]}]},{"@type":"ImageObject","inLanguage":"pt-PT","@id":"https://www.habitissimo.pt/procenter/formacao/formacao-colagem-de-pedra-ardosia-e-xisto/#primaryimage","url":"https://www.habitissimo.pt/procenter/wp-content/uploads/sites/5/2021/11/Colagem-de-pedra-ardosia-e-xisto.jpg?wsr","contentUrl":"https://www.habitissimo.pt/procenter/wp-content/uploads/sites/5/2021/11/Colagem-de-pedra-ardosia-e-xisto.jpg?wsr","width":936,"height":1067,"caption":"Colagem de pedra ardósia e xisto"},{"@type":"BreadcrumbList","@id":"https://www.habitissimo.pt/procenter/formacao/formacao-colagem-de-pedra-ardosia-e-xisto/#breadcrumb","itemListElement":[{"@type":"ListItem","position":1,"name":"Home","item":"https://www.habitissimo.pt/procenter/"},{"@type":"ListItem","position":2,"name":"Formacão","item":"https://www.habitissimo.pt/procenter/formacao/"},{"@type":"ListItem","position":3,"name":"habitissimo e Saint-Gobain Portugal","item":"https://www.habitissimo.pt/procenter/formacion_cat/habitissimo-e-saint-gobain-portugal/"},{"@type":"ListItem","position":4,"name":"Formação: Colagem de pedra ardósia e xisto"}]},{"@type":"WebSite","@id":"https://www.habitissimo.pt/procenter/#website","url":"https://www.habitissimo.pt/procenter/","name":"Habitissimo POR","description":"Reformas e Serviços Domésticos","potentialAction":[{"@type":"SearchAction","target":{"@type":"EntryPoint","urlTemplate":"https://www.habitissimo.pt/procenter/?s={search_term_string}"},"query-input":{"@type":"PropertyValueSpecification","valueRequired":true,"valueName":"search_term_string"}}],"inLanguage":"pt-PT"}]}</script>
<!-- / Yoast SEO plugin. -->

Descubra como colar pedra ardósia e xisto nesta formação prática da Saint-Gobain Weber Portugal.

Colagem de pedra ardósia e xisto

Formacão

Reformas e Serviços Domésticos
